/(-5)*(-202 + 67) is divided by 158?
4
Suppose -3*i + 5*t - 3 = 8, -t = i - 7. Suppose i*l + 2*l - 30 = 0. What is the remainder when 11 is divided by l?
5
Let u(s) = -30*s - 20. Suppose -6 = y + 5*w, 0 = 2*w - 7*w. Let b be u(y). Suppose 0 = -12*l + 16*l - b. What is the remainder when l is divided by 11?
7
Calculate the remainder when (-91 - -86) + 3*25 is divided by 30.
10
Let k(c) = -2*c**3 - 9*c**2 - 6. Let f be k(-5). Suppose -s + 2 - 4 = 0, v + 2*s - f = 0. What is the remainder when v is divided by 3?
2
Let y = 23 + -23. Suppose y*l = 2*l - 68. Suppose 4 = d, l = 2*t - 3*d - 0*d. Calculate the remainder when 44 is divided by t.
21
Let s(a) = -60*a - 3. Let u be s(-2). Let c = u + -68. Let i(q) = -q**2 - q + 17. What is the remainder when c is divided by i(0)?
15
Let o(z) = 4*z + 51. What is the remainder when 214 is divided by o(-6)?
25
Suppose -25*y = -29*y - 4, -z = -4*y - 106. Suppose 4*d - 114 = 26. Calculate the remainder when z is divided by d.
32
Let r = -8 - -57. Let v = 4461 - 4315. Calculate the remainder when v is divided by r.
48
Let w = -6 - -9. Suppose 5*y + 2*d - 19 = 0, w*y - 7*d + 2*d = -1. Calculate the remainder when 4 + (-2 - -1) + 2 is divided by y.
2
Let i be (-1 + 0)*(-4 - 5/(-1)). Calculate the remainder when 3 - (-1*150 - i) is divided by 39.
35
Suppose -3*o - 2 = 1. Calculate the remainder when (-1214)/(-38) - 162/(-3078) is divided by o/3*(0 + -51).
15
Calculate the remainder when 244 is divided by (-63)/(-6) - 23/46.
4
Let d(h) = 8*h**2 - 3*h + 1. Suppose -66*o + 64*o = -6. Suppose -3*l = 2*b - 76, -l + o*l + 2*b = 54. Calculate the remainder when d(3) is divided by l.
20
Let h = 15825 + -15814. Calculate the remainder when h is divided by (1 + 0/1)*9.
2
Let n = -702 + 873. What is the remainder when n is divided by 44?
39
Let l = 21 - -14. Let g be 7/l - (-48)/(-15). Let y = 4 + g. Calculate the remainder when 2 is divided by y.
0
Suppose 0 = -2*s + a + 17, -s - 3*a + 29 = 3*s. Suppose -3*h - 4*j = -109, 3*h - s*j = -3*j + 100. What is the remainder when h is divided by 19?
16
Suppose 0 = 7*h - 148 - 27. What is the remainder when 166 is divided by h?
16
Let w(k) = k**3 + k**2 - 10*k + 21. Calculate the remainder when 178 is divided by w(4).
56
Let w be (-2)/(-3) - (-1666)/21. Let a = 83 - w. Calculate the remainder when a is divided by 1.
0
Suppose 3*n + 14*n = 84 + 205. Calculate the remainder when (-21)/(-2 - (-10)/8) is divided by n.
11
Let k = -21 + 1. Let x = 28 + k. What is the remainder when x is divided by (-5)/1 + -1 + -7 + 16?
2
What is the remainder when 2149 is divided by 18 + (-9 - -6) + -1 + -5?
7
Let y = 316 + -228. What is the remainder when y is divided by 35?
18
What is the remainder when 403 is divided by (-2)/(-15) + 14 + (-107)/15?
4
Let k be (-11)/6 + (-2)/12. Calculate the remainder when 1 is divided by (-1)/(k*(-3)/(-6)).
0
Suppose -16*i = 102 - 166. Let a(w) = w**3 + 7*w**2 - w - 2. Calculate the remainder when a(-7) is divided by i.
1
Let w be (-52)/9 - 4/18. Let n(o) = -o**2 - 9*o - 7. Calculate the remainder when 43 is divided by n(w).
10
Let t(j) = j**2 - 2*j - 2. Let l be t(4). Suppose -l*d + d + 25 = 0. Let c = 172 - 161. Calculate the remainder when c is divided by d.
1
Let c = -36 - -48. What is the remainder when 272 is divided by c?
8
Suppose 12*h + 117 = -15. Let b(s) = s**3 + 10*s**2 - 13*s + 2. Calculate the remainder when 71 is divided by b(h).
23
Calculate the remainder when 43 is divided by (294/168)/((-3)/(-12)).
1
Let w = -584 + 615. Calculate the remainder when 48 is divided by w.
17
Let l = 3228 + -3223. Let n(j) = -3*j + j + 2 + 2*j**2 + 0*j. Calculate the remainder when n(3) is divided by l.
4
Let d = 718 - 670. What is the remainder when d is divided by 27 - (3 + 1 + -3)?
22
Suppose 3 - 59 = -b. Suppose -b - 58 = -3*d. Let r = d - 27. Calculate the remainder when 30 is divided by r.
8
Let x(m) = -m**2 + 7*m + 10. Let j be x(11). Let l = j + 37. What is the remainder when 17 is divided by l?
2
Calculate the remainder when 552 is divided by (2/2 - -1)/((-28)/(-210)).
12
Suppose 0 = -s - 3*m + 2*m + 58, 5*m = -25. What is the remainder when s is divided by 17?
12
Let d(k) = k**2 + 7*k + 28. What is the remainder when 182 is divided by d(-10)?
8
Let c = -519 + 939. Suppose -5*h = 7*h - c. What is the remainder when h is divided by 12?
11
Let c = 21 + -42. Let p be (1 - 8)*9/c. Suppose -2*r = p*o - 53, o + r = -0*r + 19. Calculate the remainder when o is divided by 4.
3
Suppose 185 = 3*d - d + q, -q + 467 = 5*d. Calculate the remainder when d is divided by 16.
14
Suppose 0 = 3*o + 3*k - 465, o = -7*k + 5*k + 159. Calculate the remainder when o is divided by 81.
70
Suppose -36 = y - 2*y. Suppose 62*f - 49*f - 247 = 0. What is the remainder when y is divided by f?
17
What is the remainder when 58 is divided by ((-16)/64)/(2/(-48))?
4
Suppose -2*q = 3*u - 11, 5*q + 4*u - 70 = 5*u. What is the remainder when 335 is divided by q?
10
Let p = -5 - -15. Let x = 56 + -28. Calculate the remainder when x is divided by p.
8
Let f(k) be the second derivative of -k**4/12 - 13*k**3/6 - k. Calculate the remainder when 35 is divided by f(-12).
11
Suppose 158 = -15*z - 142. Calculate the remainder when 68 is divided by ((-7)/(-15) - z/(-30))*-95.
11
Let f = 0 - -28. Calculate the remainder when 55 is divided by f.
27
Let z = 8 + 56. Calculate the remainder when z is divided by 26.
12
Let l be 6/21 - (-496)/28. Suppose -5*g + 97 = -l. Let k = 12 + 0. Calculate the remainder when g is divided by k.
11
Suppose 5*s - 3*l - 2312 = 0, -73 = 2*s - 5*l - 1013. What is the remainder when s is divided by 21?
19
Suppose -4*o + 208 = b, -2*o + 2*b + 38 + 56 = 0. Let k = 106 - o. Calculate the remainder when k is divided by 14.
13
Suppose 3*f = 2*n - 187, -4*f + 0*f = 5*n - 410. Suppose -n*x = -87*x + 4. Calculate the remainder when 10 is divided by x.
2
Suppose -2*t + t - 3*d + 15 = 0, -5*d = 0. What is the remainder when 18 is divided by t?
3
Suppose -4*w = 5*s - 110, 2*s - w - 62 = w. Let f = -16 + s. Let c = 11 - -18. Calculate the remainder when c is divided by f.
9
Calculate the remainder when -1 - 6*(-1 - (-108)/(-8)) is divided by 20.
6
Let c(p) = -p + 6. Let w(h) = -h**3 + 9*h**2 - 4*h - 1. Let d be w(8). Suppose -47 = -2*j + d. Calculate the remainder when j is divided by c(-8).
11
Let j(r) = -6*r - 19. Let n be j(-8). Suppose n = f + 11. Calculate the remainder when f is divided by 7.
4
Let s(x) = x**2 - 11*x + 11. Let r(n) = 10*n + 9. Calculate the remainder when r(11) is divided by s(11).
9
Let q be 22/(-44) + (-34)/(-8)*18. Let v = q + -57. What is the remainder when 113 is divided by v?
18
Suppose -u = 2*u - x - 82, 0 = 2*x + 2. Let c(m) = -m**2 + 4*m - 1. Let a be c(3). Let o(n) = 4*n**2 - 3*n. Calculate the remainder when u is divided by o(a).
7
What is the remainder when (155/(-31) - 54/(-5))*5 is divided by 12?
5
Let g(c) = c**3 - 9*c**2 - c - 9. Let y = 33 - 12. What is the remainder when g(10) is divided by y?
18
Suppose -1364 = -49*q - 75*q. Suppose -3*w = -5*z + 2*z + 3, -2*w = 2*z - 18. What is the remainder when q is divided by w?
3
Let c(r) = 50*r + 6. Let p be c(5). Suppose 5*g + 41 = 2*s - 97, 4*s = 5*g + p. What is the remainder when s is divided by 16?
11
Let k(j) be the second derivative of -j**5/20 - j**4/12 + 11*j**3/6 + j**2 + 2*j - 5. Calculate the remainder when k(-5) is divided by 28.
19
Let o be ((-5)/20)/((-1)/8). Suppose 3*j = z - o*j - 206, j - 200 = -z. Calculate the remainder when z is divided by 51.
48
Let c(a) = -a + 13. Let u be c(9). Suppose u*d = o - 20, 2*d = -4*o - d - 15. Calculate the remainder when 3 - o - -4*10 is divided by 15.
13
Let b(w) = -3*w**2 - 3*w - 3. Let i be b(-1). What is the remainder when i/12 - (129/(-4) - -3) is divided by 11?
7
Suppose 4*a - a - 30 = 0. Calculate the remainder when (-5)/10*(-97 + -17) is divided by a.
7
Let c(o) = -30*o - 606. What is the remainder when 243 is divided by c(-23)?
75
Suppose -89 = -5*w + 111. Calculate the remainder when 68 is divided by w.
28
Let q = 33 + 12. What is the remainder when q is divided by 12?
9
What is the remainder when (0 - 1) + 505*(-8)/(-40) is divided by 15?
10
Let g(h) = 4*h**2 + 4*h - 53. Calculate the remainder when g(-7) is divided by 25.
15
Let j be ((-30)/4)/3*-2